 Let a be n(15). Let b(c) = 69*c - 21*c - 18*c - 13*c + 41*c**2 - a - 15*c. Calculate b(1).
42
Let g(d) = -4*d**2 + 2*d - 1. Let i(k) = 11*k**2 - 2*k + 2. Let v(p) = 8*g(p) + 3*i(p). Suppose -2*q - q - 30 = 0. What is v(q)?
-2
Let t(o) = -42*o - 177. Let b(x) = 19*x + 85. Let q(y) = -5*b(y) - 2*t(y). Give q(-7).
6
Let c(s) be the second derivative of s + 11/2*s**2 - 16 + 1/12*s**4 - 11/6*s**3. Calculate c(9).
-7
Let a(p) = -3*p**2 - 5*p + 7. Let b be -5*1*-40*(-39)/1560. What is a(b)?
-43
Let a(y) be the third derivative of -y**4/12 + 16*y**3/3 - 138*y**2 + 3. Give a(12).
8
Let y(c) = -c**3 - 18*c**2 - 20*c - 5. Let m(j) = -2*j**3 - 38*j**2 - 44*j - 13. Let w(x) = 4*m(x) - 9*y(x). What is w(-4)?
73
Let w(r) = 6*r + 3665 - 3665. Give w(-1).
-6
Let q(v) be the first derivative of v**4/4 + 4*v**3/3 + v**2/2 - 2*v - 1. Let i = 131 - 137. Let f be 0/(-2) - i/(-2). What is q(f)?
4
Let t(w) = -w**3 + 1. Let c = 4154 + -4154. What is t(c)?
1
Suppose 5*d = 7*c + 35, -10 = -11*c + 13*c + 5*d. Let i(k) = -k**3 + 4*k**2 - 5 - 5*k + 2*k**3 - 2*k. Determine i(c).
5
Let s(l) = -5*l - 73. Suppose 159 = -20*v - 121. Determine s(v).
-3
Let y(t) = t**3 - 5*t**2 - 7*t + 9. Let p(d) = d**3 + 2*d**2 - 2*d + 3. Let m be p(-2). Suppose -m*q - 7 = -8*q. Let n be 12/(-28)*q*-1 - -3. Give y(n).
3
Let w(y) be the third derivative of y**4/8 - 10*y**3 + 11*y**2 - 11. Calculate w(8).
-36
Suppose -333 = -2*m - 311. Let d(g) = -g**3 + 12*g**2 - 13*g - 1. What is d(m)?
-23
Let u = 25010 + -25030. Let c(b) = -b**3 - 22*b**2 - 38*b + 38. What is c(u)?
-2
Let i(c) = c**3 - 2*c**2 + c - 1. Suppose 6477 = 2*h + 15*h. Let z = 382 - h. Give i(z).
-1
Let y(f) = -5*f**3 + 8*f - 7. Let g(s) = s**3 + 23 + s**3 - s**2 - 24 - 3*s**3. Let k(m) = 6*g(m) - y(m). Let j be k(-4). Let b(q) = 4*q**2. Determine b(j).
4
Suppose z + l - 12 = 0, 3*z - 22*l - 48 = -19*l. Let i(q) = q**3 - 14*q**2 + 2*q - 23. Give i(z).
5
Suppose 4*b - 2*x = -6, 4*b + 0*x = -4*x. Let p be (-24)/32 - (-11)/4. Let u(j) = j**2 - 462*j + 2*j**p + 463*j. What is u(b)?
2
Let s(o) = -2*o - 50. Let t(j) = j**3 + 63*j**2 - 412*j + 119. Let y be t(-69). What is s(y)?
-12
Let b(x) = -2*x**2 + 17*x - 2. Let t(j) = -j**3 - 14*j**2 - 40*j + 8. Let i be t(-10). What is b(i)?
6
Let m(i) = 4*i**2 + 3*i - 3. Let j(a) = -a**2 + a + 7. Let s be j(2). Suppose 7 = 2*d + 5*n, 5 = 4*d + s*n - 4. Give m(d).
4
Let z(m) = 58 - 7*m - 97 + 49 - 86*m**2 - 82*m**2 + 171*m**2. Give z(2).
8
Let i(x) = -x**3 - x**2 - 6*x - 9. Suppose 0 = u - 3*v + 69 - 82, u = -4*v - 22. Determine i(u).
7
Let r(l) = -5*l + 122. Let y be r(24). Let j(v) = v**2 - 5*v - 3. Let z be j(6). Let o(f) = -2*f + z - 7 + 2 + 4*f. Determine o(y).
2
Let m = -54 - -52. Let q be m/((-2)/(1 - -1 - 1)). Let c(g) be the third derivative of -g**5/20 - 10*g**2. Give c(q).
-3
Let j(o) = -2*o**2 - 24*o - 42. Let z(n) = 5*n**2 + 59*n + 84. Let a(g) = 7*j(g) + 3*z(g). Calculate a(-13).
10
Let m be 12/((42/91)/(2/26)). Let r(d) be the first derivative of -34 - 1/4*d**4 - 3*d + 2/3*d**3 + 2*d**m. Calculate r(3).
0
Let l = -216 + 222. Let u(s) be the third derivative of 0*s - 10*s**2 + 0 + 1/12*s**4 + 1/6*s**3. What is u(l)?
13
Suppose 38*j - 174 = 67*j. Let t(f) = -f**3 - 6*f**2 - 2*f + 5. Determine t(j).
17
Let c(w) = 3*w**2 - 5. Let b(d) = -1. Let t(u) = 3*b(u) - c(u). Let j = -8 - -10. Suppose -5*i - 10 = 4*r, -i = -j*i + 5*r - 2. What is t(i)?
-10
Let i(l) = -l**2 - 2*l + 25. Let o(n) = -3*n**2 - 4*n + 44. Let f(k) = 7*i(k) - 4*o(k). Determine f(-2).
15
Let r(h) = -18*h**3 - 17*h**2 - 35*h - 13. Let v(g) = -5*g**3 - 4*g**2 - 8*g - 3. Let u(m) = -2*r(m) + 9*v(m). Give u(-1).
8
Suppose 6*i = 10*i + 1148. Let k = i - -281. Let f(b) = -7*b**2 - 3 + 0*b - b**3 - 7*b - 1. Determine f(k).
2
Suppose 14*o - 34 - 92 = 0. Let d(q) be the first derivative of -3*q**2/2 + 10*q - 12. Calculate d(o).
-17
Let r(x) = 7*x**3 + 3*x - 5. Suppose 109*b + 123*b + 138*b - 740 = 0. What is r(b)?
57
Let c = 15383 - 15380. Let h(b) be the third derivative of -7*b**6/720 + b**5/120 - b**4/24 - 4*b**2. Let q(n) be the second derivative of h(n). Determine q(c).
-20
Let d = 30 - 30. Suppose 0 = -5*q - d*q - 5. Let h(i) = 13*i + 1 - 12*i - 5*i. Determine h(q).
5
Let v(g) = 3*g + 1. Let x = -181 + 155. Let p be (3/(-5))/(x/(-260)). Calculate v(p).
-17
Let z(s) = -s**2 - 13*s - 16. Let h be (-3)/(-4) - 0 - 393/(-4). Suppose 0 = k - 10*k - h. Calculate z(k).
6
Let a(r) = -r**3 - 4*r**2 - 2*r - 11. Let f be a(-5). Suppose 19*j - f*j + 10 = 0. Let p(d) = -2*d**3 - 2*d - 272*d**j + 268*d**2 - 6 + 3*d**3. Calculate p(5).
9
Let k(h) be the first derivative of -2*h**3/3 - 29*h**2/2 + 97*h + 14638. What is k(3)?
-8
Suppose 6 + 7 = 5*g + 3*q, g + 5*q = 7. Let y(a) = a**3 - 4 + 2 + 32*a**g - 36*a**2 + 5*a. Calculate y(3).
4
Let w be (-6)/15 + 424/10. Suppose -y - 5*c - 16 - 34 = 0, -4*y - 4*c - 184 = 0. Let l = y + w. Let k(v) = -v**2 - 5*v - 2. Calculate k(l).
4
Let v be (-84)/(-12) + -2 + -1 + -2. Let w(q) = -46 + 68 - 21 + 2*q**v + 3*q. Suppose 0 = -n - 3*n - 3*p - 23, 4*p + 22 = -n. Determine w(n).
3
Let k(b) = -b**2 + 16*b + 9. Let c be k(15). Suppose -29*r + c*r = 45. Let u(p) = -p**3 - 8*p**2 + 7*p - 15. Give u(r).
3
Let j(u) = -12*u + 20*u + 18 - 3*u. What is j(-2)?
8
Let z be (-64)/4 - (23 - 34). Let b(y) = -2*y**2 - 4*y - 11. Determine b(z).
-41
Let g(k) be the first derivative of k**4/2 - k**3 - k**2 + 6*k + 40. Calculate g(3).
27
Let q = -1442 + 1438. Let f(g) = 7*g**3 - 2*g**2 + 1. Let k(v) = v**3 - v**2 - v. Let s(b) = f(b) - 6*k(b). Calculate s(q).
-23
Let a(u) = -u**3 - 13*u**2 + u + 5. Let c be a(-13). Let q(g) = -8*g - 59*g + 63*g + g**3 + 8*g**2. Give q(c).
32
Suppose 0 = -s + 4*t - 18, 4*s + 5*t - 33 = -0*s. Let p(w) = 5*w**2 - 18*w**2 + 5*w**2 + 11*w**2 - s*w**3. Give p(2).
-4
Let o(v) = 2*v + 240. Let j(r) = 34. Let n(g) = -7*j(g) + o(g). Let d(z) = z**3 + z**2 + z. Let m be d(0). Let u be -2 + (-9)/3 + m. Determine n(u).
-8
Let l(p) = -2*p - 11. Let x be l(-6). Let w(i) be the first derivative of i - 68 - 1/3*i**3 - 3/2*i**4 - 1/2*i**2. Determine w(x).
-7
Suppose 7*m + 5*q - 6 = 6*m, -4*m + 92 = 3*q. Suppose 0 = 13*b + m - 130. Let s(y) = 6*y - 4 + y**2 - 17*y + 6*y. Give s(b).
20
Let u(n) = 2*n + 1. Let h be 0 - (2 + -3*2). Suppose -5*a - 10 = 0, 3*j - h*j + 1 = -5*a. Let t be 2/j - 141/(-27). Give u(t).
11
Suppose 19*m = 17*m - 8. Let z be (-3)/m + (-170)/(-40). Let q(t) = -1 - 15*t**2 - 4*t + 16*t**2 - 2 + 5. Give q(z).
7
Let b(n) = -24*n**3 + 25*n**3 + 0*n**2 + 4*n + 4*n + 9 + 10*n + 9*n**2. Give b(-6).
9
Let z = 5109 - 5103. Let p(d) = -d - 7. Give p(z).
-13
Let n(f) = 19889*f + 13 - 19890*f + 23. Calculate n(23).
13
Let l(t) = t**2 + 5*t + 4. Let v be l(-6). Suppose x + 4 - v = 0. Let q = x + 1. Let a(y) = -y**3 + 6*y**2 + 7*y + 8. What is a(q)?
8
Suppose 8*u - 9*u = 2*y - 16, 0 = 5*u + 5*y - 55. Let n(z) = -z**2 + 7*z - 2. Let k(t) = 2*t**2 - 14*t + 4. Let b(w) = 3*k(w) + 5*n(w). Determine b(u).
-4
Let j(p) be the second derivative of 4*p**3/3 - 5*p**2 - 1936*p. Calculate j(3).
14
Let o(x) = -x**3 - 7*x**2 - 9*x - 15. Suppose 0 = 4*v + 5*b + 35, 8*v + 37 = -6*b + 7*b. What is o(v)?
-20
Let a be (-12)/9*(-729)/(-162). Let r(w) = -w**2 - w - 20. Determine r(a).
-50
Let k(x) = -x**3 - 6*x**2 - 7*x + 7. Let u(z) = 2*z - 1. Let a(b) = -k(b) - 5*u(b). Let c(t) = -t - 4. Let v be c(-8). Let h = v + -10. Determine a(h).
16
Let u(w) = -w**3 + 8*w**2 + 9*w + 5. Let g be u(9). Suppose g*n + 45 = -4*n. Let z(t) = -2 + 3 + t + 2. Calculate z(n).
-2
Let y be (23 + -21)/((-1)/113*2). Let h = 129 + y. Let w be 10/2 + h/(-4) + 3. Let g(r) = -r**3 + 4*r**2 + 2*r. What is g(w)?
8
Let r(w) = -2051*w**3 - 2046*w**3 - 4 + 6150*w**3 + w + 6*w**2 - 2052*w**3. Determine r(-6).
-10
Let p be ((-6)/(-4))/(3/18*-3). Let m(c) = 5*c + 20. Let d be m(p). Let j(f) = 9*f - f + d*f - 1. Give j(-1).
-14
Let p(d) = -23*d + 3. Let n(i) = 47*i - 5. Let s = -426 - -430. Let m(h) = s*n(h) + 7*p(h). Calculate m(1).
28
Let t(b) be the first derivative of 3*b**2/2 + 6*b + 2. Suppose 12 = 2*o - 4*r, -2*o - r + 3 = 26. Calculate t(o).
-18
Let d(a) = -a**2 + 8*a + 2. Let l(o) = 32*o - 63. Let p be l(2). Let y be 2/(-4)*(-4 - (p - -9)). What is d(y)?
9
Let m(s) be the second derivative of s**5/10 - s**4 - s**3/3 + 23*s**2/2 - 7*s + 30. Give m(6).